{"id":12,"date":"2026-02-02T22:13:05","date_gmt":"2026-02-02T22:13:05","guid":{"rendered":"https:\/\/sarthdriver-vtc-le-mans.fr\/?page_id=12"},"modified":"2026-02-09T10:59:25","modified_gmt":"2026-02-09T10:59:25","slug":"sarthdriver-vtc-le-mans","status":"publish","type":"page","link":"https:\/\/sarthdriver-vtc-le-mans.fr\/","title":{"rendered":"VTC Le Mans \u2013 Chauffeur priv\u00e9 haut de gamme | Sarth\u2019Driver"},"content":{"rendered":"\t\t<div data-elementor-type=\"wp-page\" data-elementor-id=\"12\" class=\"elementor elementor-12\">\n\t\t\t\t<div class=\"elementor-element elementor-element-f67a0c1 e-flex e-con-boxed e-con e-parent\" data-id=\"f67a0c1\" data-element_type=\"container\" data-settings=\"{&quot;background_background&quot;:&quot;classic&quot;}\">\n\t\t\t\t\t<div class=\"e-con-inner\">\n\t\t\t\t<div class=\"elementor-element elementor-element-a271137 elementor-widget elementor-widget-heading\" data-id=\"a271137\" data-element_type=\"widget\" data-widget_type=\"heading.default\">\n\t\t\t\t\t<h1 class=\"elementor-heading-title elementor-size-default\">Chauffeur VTC haut de gamme au Mans et en Sarthe<\/h1>\t\t\t\t<\/div>\n\t\t\t\t<div class=\"elementor-element elementor-element-d99d9a4 elementor-widget-divider--view-line elementor-widget elementor-widget-divider\" data-id=\"d99d9a4\" data-element_type=\"widget\" data-widget_type=\"divider.default\">\n\t\t\t\t\t\t\t<div class=\"elementor-divider\">\n\t\t\t<span class=\"elementor-divider-separator\">\n\t\t\t\t\t\t<\/span>\n\t\t<\/div>\n\t\t\t\t\t\t<\/div>\n\t\t\t\t<div class=\"elementor-element elementor-element-d7396e3 elementor-widget elementor-widget-heading\" data-id=\"d7396e3\" data-element_type=\"widget\" data-widget_type=\"heading.default\">\n\t\t\t\t\t<h2 class=\"elementor-heading-title elementor-size-default\">L\u2019excellence du transport priv\u00e9 au Mans et en Sarthe<\/h2>\t\t\t\t<\/div>\n\t\t\t\t<div class=\"elementor-element elementor-element-f8bad53 elementor-widget elementor-widget-text-editor\" data-id=\"f8bad53\" data-element_type=\"widget\" data-widget_type=\"text-editor.default\">\n\t\t\t\t\t\t\t\t\t<p><strong>VTC Le Mans<\/strong>: Sarth\u2019Driver est\u00a0sp\u00e9cialis\u00e9 dans les <strong data-start=\"802\" data-end=\"843\">d\u00e9placements priv\u00e9s et professionnels<\/strong> au <strong data-start=\"847\" data-end=\"898\">d\u00e9part ou \u00e0 destination du Mans et de la Sarthe<\/strong>.<\/p>\t\t\t\t\t\t\t\t<\/div>\n\t\t\t\t<div class=\"elementor-element elementor-element-f4e854f elementor-align-center elementor-widget__width-auto elementor-widget elementor-widget-button\" data-id=\"f4e854f\" data-element_type=\"widget\" data-widget_type=\"button.default\">\n\t\t\t\t\t\t\t\t\t\t<a class=\"elementor-button elementor-button-link elementor-size-sm\" href=\"tel:+33638309049\">\n\t\t\t\t\t\t<span class=\"elementor-button-content-wrapper\">\n\t\t\t\t\t\t\t\t\t<span class=\"elementor-button-text\">R\u00e9server imm\u00e9diatement par appel<\/span>\n\t\t\t\t\t<\/span>\n\t\t\t\t\t<\/a>\n\t\t\t\t\t\t\t\t<\/div>\n\t\t\t\t\t<\/div>\n\t\t\t\t<\/div>\n\t\t<div class=\"elementor-element elementor-element-cd85ce5 e-flex e-con-boxed e-con e-parent\" data-id=\"cd85ce5\" data-element_type=\"container\">\n\t\t\t\t\t<div class=\"e-con-inner\">\n\t\t\t\t<div class=\"elementor-element elementor-element-65472d4 elementor-widget elementor-widget-image\" data-id=\"65472d4\" data-element_type=\"widget\" data-widget_type=\"image.default\">\n\t\t\t\t\t\t\t\t\t\t\t\t<figure class=\"wp-caption\">\n\t\t\t\t\t\t\t\t\t\t<img fetchpriority=\"high\" decoding=\"async\" width=\"1024\" height=\"683\" src=\"https:\/\/sarthdriver-vtc-le-mans.fr\/wp-content\/uploads\/2026\/02\/vtc-le-mans-mercedes-classe-s-chauffeur-prive.jpg-1024x683.png\" class=\"attachment-large size-large wp-image-44\" alt=\"Chauffeur VTC premium au Mans avec Mercedes classe S\" srcset=\"https:\/\/sarthdriver-vtc-le-mans.fr\/wp-content\/uploads\/2026\/02\/vtc-le-mans-mercedes-classe-s-chauffeur-prive.jpg-1024x683.png 1024w, https:\/\/sarthdriver-vtc-le-mans.fr\/wp-content\/uploads\/2026\/02\/vtc-le-mans-mercedes-classe-s-chauffeur-prive.jpg-300x200.png 300w, https:\/\/sarthdriver-vtc-le-mans.fr\/wp-content\/uploads\/2026\/02\/vtc-le-mans-mercedes-classe-s-chauffeur-prive.jpg-768x512.png 768w, https:\/\/sarthdriver-vtc-le-mans.fr\/wp-content\/uploads\/2026\/02\/vtc-le-mans-mercedes-classe-s-chauffeur-prive.jpg.png 1536w\" sizes=\"(max-width: 1024px) 100vw, 1024px\" \/>\t\t\t\t\t\t\t\t\t\t\t<figcaption class=\"widget-image-caption wp-caption-text\">VTC Le Mans \u2013 transfert gare SNCF Le Mans avec chauffeur priv\u00e9 Sarth\u2019Driver<\/figcaption>\n\t\t\t\t\t\t\t\t\t\t<\/figure>\n\t\t\t\t\t\t\t\t\t<\/div>\n\t\t\t\t<div class=\"elementor-element elementor-element-40aae14 elementor-widget elementor-widget-heading\" data-id=\"40aae14\" data-element_type=\"widget\" data-widget_type=\"heading.default\">\n\t\t\t\t\t<h3 class=\"elementor-heading-title elementor-size-default\">Transferts <\/h3>\t\t\t\t<\/div>\n\t\t\t\t<div class=\"elementor-element elementor-element-18a389f elementor-widget elementor-widget-text-editor\" data-id=\"18a389f\" data-element_type=\"widget\" data-widget_type=\"text-editor.default\">\n\t\t\t\t\t\t\t\t\t<p>Nous assurons les <strong data-start=\"1551\" data-end=\"1597\">transferts VTC vers les gares et a\u00e9roports<\/strong>, ainsi que les trajets vers h\u00f4tels, entreprises et lieux de rendez-vous au Mans et en Sarthe.<\/p>\t\t\t\t\t\t\t\t<\/div>\n\t\t\t\t<div class=\"elementor-element elementor-element-739f09b elementor-align-center elementor-widget__width-auto elementor-widget elementor-widget-button\" data-id=\"739f09b\" data-element_type=\"widget\" data-widget_type=\"button.default\">\n\t\t\t\t\t\t\t\t\t\t<a class=\"elementor-button elementor-button-link elementor-size-sm\" href=\"tel:+33638309049\">\n\t\t\t\t\t\t<span class=\"elementor-button-content-wrapper\">\n\t\t\t\t\t\t\t\t\t<span class=\"elementor-button-text\">R\u00e9server un transfert<\/span>\n\t\t\t\t\t<\/span>\n\t\t\t\t\t<\/a>\n\t\t\t\t\t\t\t\t<\/div>\n\t\t\t\t<div class=\"elementor-element elementor-element-7e19831 elementor-widget elementor-widget-text-editor\" data-id=\"7e19831\" data-element_type=\"widget\" data-widget_type=\"text-editor.default\">\n\t\t\t\t\t\t\t\t\t<p>Tarif communiqu\u00e9 avant confirmation<\/p>\t\t\t\t\t\t\t\t<\/div>\n\t\t\t\t\t<\/div>\n\t\t\t\t<\/div>\n\t\t<div class=\"elementor-element elementor-element-15bc4e6 e-flex e-con-boxed e-con e-parent\" data-id=\"15bc4e6\" data-element_type=\"container\">\n\t\t\t\t\t<div class=\"e-con-inner\">\n\t\t\t\t<div class=\"elementor-element elementor-element-9334dc9 elementor-widget elementor-widget-image\" data-id=\"9334dc9\" data-element_type=\"widget\" data-widget_type=\"image.default\">\n\t\t\t\t\t\t\t\t\t\t\t\t<figure class=\"wp-caption\">\n\t\t\t\t\t\t\t\t\t\t<img decoding=\"async\" width=\"1024\" height=\"683\" src=\"https:\/\/sarthdriver-vtc-le-mans.fr\/wp-content\/uploads\/2026\/02\/vtc-evenementiel-le-mans-transport-professionnel.jpg-1024x683.png\" class=\"attachment-large size-large wp-image-45\" alt=\"\" srcset=\"https:\/\/sarthdriver-vtc-le-mans.fr\/wp-content\/uploads\/2026\/02\/vtc-evenementiel-le-mans-transport-professionnel.jpg-1024x683.png 1024w, https:\/\/sarthdriver-vtc-le-mans.fr\/wp-content\/uploads\/2026\/02\/vtc-evenementiel-le-mans-transport-professionnel.jpg-300x200.png 300w, https:\/\/sarthdriver-vtc-le-mans.fr\/wp-content\/uploads\/2026\/02\/vtc-evenementiel-le-mans-transport-professionnel.jpg-768x512.png 768w, https:\/\/sarthdriver-vtc-le-mans.fr\/wp-content\/uploads\/2026\/02\/vtc-evenementiel-le-mans-transport-professionnel.jpg.png 1536w\" sizes=\"(max-width: 1024px) 100vw, 1024px\" \/>\t\t\t\t\t\t\t\t\t\t\t<figcaption class=\"widget-image-caption wp-caption-text\">Chauffeur VTC au Mans pour \u00e9v\u00e9nements professionnels et priv\u00e9s \u2013 Sarth\u2019Driver<\/figcaption>\n\t\t\t\t\t\t\t\t\t\t<\/figure>\n\t\t\t\t\t\t\t\t\t<\/div>\n\t\t\t\t<div class=\"elementor-element elementor-element-1eda6ac elementor-widget elementor-widget-heading\" data-id=\"1eda6ac\" data-element_type=\"widget\" data-widget_type=\"heading.default\">\n\t\t\t\t\t<h3 class=\"elementor-heading-title elementor-size-default\">\u00c9v\u00e9nementiel<\/h3>\t\t\t\t<\/div>\n\t\t\t\t<div class=\"elementor-element elementor-element-dd0e942 elementor-widget elementor-widget-text-editor\" data-id=\"dd0e942\" data-element_type=\"widget\" data-widget_type=\"text-editor.default\">\n\t\t\t\t\t\t\t\t\t<p>Profitez d\u2019un <strong data-start=\"1742\" data-end=\"1781\">chauffeur priv\u00e9 pour vos \u00e9v\u00e9nements<\/strong> : soir\u00e9es, mariages, s\u00e9minaires ou manifestations, avec un service haut de gamme et discret.<\/p>\t\t\t\t\t\t\t\t<\/div>\n\t\t\t\t<div class=\"elementor-element elementor-element-dd0a6a7 elementor-align-center elementor-widget__width-auto elementor-widget elementor-widget-button\" data-id=\"dd0a6a7\" data-element_type=\"widget\" data-widget_type=\"button.default\">\n\t\t\t\t\t\t\t\t\t\t<a class=\"elementor-button elementor-button-link elementor-size-sm\" href=\"https:\/\/sarthdriver-vtc-le-mans.fr\/index.php\/contact-devis\/\">\n\t\t\t\t\t\t<span class=\"elementor-button-content-wrapper\">\n\t\t\t\t\t\t\t\t\t<span class=\"elementor-button-text\">R\u00e9server pour un \u00e9v\u00e9nement<\/span>\n\t\t\t\t\t<\/span>\n\t\t\t\t\t<\/a>\n\t\t\t\t\t\t\t\t<\/div>\n\t\t\t\t<div class=\"elementor-element elementor-element-5b4fa06 elementor-widget elementor-widget-text-editor\" data-id=\"5b4fa06\" data-element_type=\"widget\" data-widget_type=\"text-editor.default\">\n\t\t\t\t\t\t\t\t\t<p>Tarif communiqu\u00e9 avant confirmation<\/p>\t\t\t\t\t\t\t\t<\/div>\n\t\t\t\t\t<\/div>\n\t\t\t\t<\/div>\n\t\t<div class=\"elementor-element elementor-element-49ca12a e-flex e-con-boxed e-con e-parent\" data-id=\"49ca12a\" data-element_type=\"container\">\n\t\t\t\t\t<div class=\"e-con-inner\">\n\t\t\t\t<div class=\"elementor-element elementor-element-d847e9d elementor-widget elementor-widget-image\" data-id=\"d847e9d\" data-element_type=\"widget\" data-widget_type=\"image.default\">\n\t\t\t\t\t\t\t\t\t\t\t\t<figure class=\"wp-caption\">\n\t\t\t\t\t\t\t\t\t\t<img decoding=\"async\" width=\"1024\" height=\"683\" src=\"https:\/\/sarthdriver-vtc-le-mans.fr\/wp-content\/uploads\/2026\/02\/vtc-mise-a-disposition-le-mans-mercedes-classe-s.jpg-1024x683.png\" class=\"attachment-large size-large wp-image-46\" alt=\"Mise \u00e0 disposition avec chauffeur VTC au Mans en Mercedes Classe S\" srcset=\"https:\/\/sarthdriver-vtc-le-mans.fr\/wp-content\/uploads\/2026\/02\/vtc-mise-a-disposition-le-mans-mercedes-classe-s.jpg-1024x683.png 1024w, https:\/\/sarthdriver-vtc-le-mans.fr\/wp-content\/uploads\/2026\/02\/vtc-mise-a-disposition-le-mans-mercedes-classe-s.jpg-300x200.png 300w, https:\/\/sarthdriver-vtc-le-mans.fr\/wp-content\/uploads\/2026\/02\/vtc-mise-a-disposition-le-mans-mercedes-classe-s.jpg-768x512.png 768w, https:\/\/sarthdriver-vtc-le-mans.fr\/wp-content\/uploads\/2026\/02\/vtc-mise-a-disposition-le-mans-mercedes-classe-s.jpg.png 1536w\" sizes=\"(max-width: 1024px) 100vw, 1024px\" \/>\t\t\t\t\t\t\t\t\t\t\t<figcaption class=\"widget-image-caption wp-caption-text\">Chauffeur VTC au Mans pour \u00e9v\u00e9nements professionnels et priv\u00e9s \u2013 Sarth\u2019Driver<\/figcaption>\n\t\t\t\t\t\t\t\t\t\t<\/figure>\n\t\t\t\t\t\t\t\t\t<\/div>\n\t\t\t\t<div class=\"elementor-element elementor-element-37050e8 elementor-widget elementor-widget-heading\" data-id=\"37050e8\" data-element_type=\"widget\" data-widget_type=\"heading.default\">\n\t\t\t\t\t<h3 class=\"elementor-heading-title elementor-size-default\">Mise \u00e0 disposition avec chauffeur<\/h3>\t\t\t\t<\/div>\n\t\t\t\t<div class=\"elementor-element elementor-element-522ea23 elementor-widget elementor-widget-text-editor\" data-id=\"522ea23\" data-element_type=\"widget\" data-widget_type=\"text-editor.default\">\n\t\t\t\t\t\t\t\t\t<p>La <strong data-start=\"1920\" data-end=\"1963\">mise \u00e0 disposition avec chauffeur priv\u00e9<\/strong> est id\u00e9ale pour une journ\u00e9e professionnelle, une sortie priv\u00e9e ou un \u00e9v\u00e9nement sur mesure au Mans.\u00a0 \u00a0 \u00a0<\/p>\t\t\t\t\t\t\t\t<\/div>\n\t\t\t\t<div class=\"elementor-element elementor-element-e5de522 elementor-align-center elementor-widget__width-auto elementor-widget elementor-widget-button\" data-id=\"e5de522\" data-element_type=\"widget\" data-widget_type=\"button.default\">\n\t\t\t\t\t\t\t\t\t\t<a class=\"elementor-button elementor-button-link elementor-size-sm\" href=\"https:\/\/sarthdriver-vtc-le-mans.fr\/index.php\/contact-devis\/\">\n\t\t\t\t\t\t<span class=\"elementor-button-content-wrapper\">\n\t\t\t\t\t\t\t\t\t<span class=\"elementor-button-text\">R\u00e9server un chauffeur<\/span>\n\t\t\t\t\t<\/span>\n\t\t\t\t\t<\/a>\n\t\t\t\t\t\t\t\t<\/div>\n\t\t\t\t<div class=\"elementor-element elementor-element-32dc107 elementor-widget elementor-widget-text-editor\" data-id=\"32dc107\" data-element_type=\"widget\" data-widget_type=\"text-editor.default\">\n\t\t\t\t\t\t\t\t\t<p>Tarif communiqu\u00e9 avant confirmation<\/p>\t\t\t\t\t\t\t\t<\/div>\n\t\t\t\t\t<\/div>\n\t\t\t\t<\/div>\n\t\t<div class=\"elementor-element elementor-element-8e9e073 e-flex e-con-boxed e-con e-parent\" data-id=\"8e9e073\" data-element_type=\"container\">\n\t\t\t\t\t<div class=\"e-con-inner\">\n\t\t\t\t<div class=\"elementor-element elementor-element-9c69e40 elementor-widget elementor-widget-image\" data-id=\"9c69e40\" data-element_type=\"widget\" data-widget_type=\"image.default\">\n\t\t\t\t\t\t\t\t\t\t\t\t<figure class=\"wp-caption\">\n\t\t\t\t\t\t\t\t\t\t<img loading=\"lazy\" decoding=\"async\" width=\"1024\" height=\"683\" src=\"https:\/\/sarthdriver-vtc-le-mans.fr\/wp-content\/uploads\/2026\/02\/vtc-mariage-le-mans-interieur-vehicule-luxe.jpg-1024x683.png\" class=\"attachment-large size-large wp-image-48\" alt=\"\" srcset=\"https:\/\/sarthdriver-vtc-le-mans.fr\/wp-content\/uploads\/2026\/02\/vtc-mariage-le-mans-interieur-vehicule-luxe.jpg-1024x683.png 1024w, https:\/\/sarthdriver-vtc-le-mans.fr\/wp-content\/uploads\/2026\/02\/vtc-mariage-le-mans-interieur-vehicule-luxe.jpg-300x200.png 300w, https:\/\/sarthdriver-vtc-le-mans.fr\/wp-content\/uploads\/2026\/02\/vtc-mariage-le-mans-interieur-vehicule-luxe.jpg-768x512.png 768w, https:\/\/sarthdriver-vtc-le-mans.fr\/wp-content\/uploads\/2026\/02\/vtc-mariage-le-mans-interieur-vehicule-luxe.jpg.png 1536w\" sizes=\"(max-width: 1024px) 100vw, 1024px\" \/>\t\t\t\t\t\t\t\t\t\t\t<figcaption class=\"widget-image-caption wp-caption-text\">VTC mariage au Mans \u2013 chauffeur priv\u00e9 pour transport des mari\u00e9s et invit\u00e9s<\/figcaption>\n\t\t\t\t\t\t\t\t\t\t<\/figure>\n\t\t\t\t\t\t\t\t\t<\/div>\n\t\t\t\t<div class=\"elementor-element elementor-element-702ed8f elementor-widget elementor-widget-heading\" data-id=\"702ed8f\" data-element_type=\"widget\" data-widget_type=\"heading.default\">\n\t\t\t\t\t<h2 class=\"elementor-heading-title elementor-size-default\">Mariage<\/h2>\t\t\t\t<\/div>\n\t\t\t\t<div class=\"elementor-element elementor-element-7ca6cdf elementor-widget elementor-widget-text-editor\" data-id=\"7ca6cdf\" data-element_type=\"widget\" data-widget_type=\"text-editor.default\">\n\t\t\t\t\t\t\t\t\t<p>Faites confiance \u00e0 un <strong data-start=\"2116\" data-end=\"2149\">chauffeur VTC mariage au Mans<\/strong> pour un service \u00e9l\u00e9gant, ponctuel et parfaitement organis\u00e9 le jour J.<\/p>\t\t\t\t\t\t\t\t<\/div>\n\t\t\t\t<div class=\"elementor-element elementor-element-ab934c7 elementor-align-center elementor-widget__width-auto elementor-widget elementor-widget-button\" data-id=\"ab934c7\" data-element_type=\"widget\" data-widget_type=\"button.default\">\n\t\t\t\t\t\t\t\t\t\t<a class=\"elementor-button elementor-button-link elementor-size-sm\" href=\"\">\n\t\t\t\t\t\t<span class=\"elementor-button-content-wrapper\">\n\t\t\t\t\t\t\t\t\t<span class=\"elementor-button-text\">Demander un devis mariage <\/span>\n\t\t\t\t\t<\/span>\n\t\t\t\t\t<\/a>\n\t\t\t\t\t\t\t\t<\/div>\n\t\t\t\t<div class=\"elementor-element elementor-element-d09d5c4 elementor-widget elementor-widget-text-editor\" data-id=\"d09d5c4\" data-element_type=\"widget\" data-widget_type=\"text-editor.default\">\n\t\t\t\t\t\t\t\t\t<p>Tarif communiqu\u00e9 avant confirmation<\/p>\t\t\t\t\t\t\t\t<\/div>\n\t\t\t\t\t<\/div>\n\t\t\t\t<\/div>\n\t\t\t\t<\/div>\n\t\t","protected":false},"excerpt":{"rendered":"<p>Chauffeur VTC haut de gamme au Mans et en Sarthe L\u2019excellence du transport priv\u00e9 au Mans et en Sarthe VTC [&hellip;]<\/p>\n","protected":false},"author":1,"featured_media":0,"parent":0,"menu_order":0,"comment_status":"closed","ping_status":"closed","template":"","meta":{"site-sidebar-layout":"no-sidebar","site-content-layout":"","ast-site-content-layout":"full-width-container","site-content-style":"default","site-sidebar-style":"default","ast-global-header-display":"","ast-banner-title-visibility":"","ast-main-header-display":"","ast-hfb-above-header-display":"","ast-hfb-below-header-display":"","ast-hfb-mobile-header-display":"","site-post-title":"disabled","ast-breadcrumbs-content":"","ast-featured-img":"disabled","footer-sml-layout":"","ast-disable-related-posts":"","theme-transparent-header-meta":"","adv-header-id-meta":"","stick-header-meta":"","header-above-stick-meta":"","header-main-stick-meta":"","header-below-stick-meta":"","astra-migrate-meta-layouts":"default","ast-page-background-enabled":"default","ast-page-background-meta":{"desktop":{"background-color":"var(--ast-global-color-5)","background-image":"","background-repeat":"repeat","background-position":"center center","background-size":"auto","background-attachment":"scroll","background-type":"","background-media":"","overlay-type":"","overlay-color":"","overlay-opacity":"","overlay-gradient":""},"tablet":{"background-color":"","background-image":"","background-repeat":"repeat","background-position":"center center","background-size":"auto","background-attachment":"scroll","background-type":"","background-media":"","overlay-type":"","overlay-color":"","overlay-opacity":"","overlay-gradient":""},"mobile":{"background-color":"","background-image":"","background-repeat":"repeat","background-position":"center center","background-size":"auto","background-attachment":"scroll","background-type":"","background-media":"","overlay-type":"","overlay-color":"","overlay-opacity":"","overlay-gradient":""}},"ast-content-background-meta":{"desktop":{"background-color":"var(--ast-global-color-4)","background-image":"","background-repeat":"repeat","background-position":"center center","background-size":"auto","background-attachment":"scroll","background-type":"","background-media":"","overlay-type":"","overlay-color":"","overlay-opacity":"","overlay-gradient":""},"tablet":{"background-color":"var(--ast-global-color-4)","background-image":"","background-repeat":"repeat","background-position":"center center","background-size":"auto","background-attachment":"scroll","background-type":"","background-media":"","overlay-type":"","overlay-color":"","overlay-opacity":"","overlay-gradient":""},"mobile":{"background-color":"var(--ast-global-color-4)","background-image":"","background-repeat":"repeat","background-position":"center center","background-size":"auto","background-attachment":"scroll","background-type":"","background-media":"","overlay-type":"","overlay-color":"","overlay-opacity":"","overlay-gradient":""}},"footnotes":""},"class_list":["post-12","page","type-page","status-publish","hentry"],"_links":{"self":[{"href":"https:\/\/sarthdriver-vtc-le-mans.fr\/index.php\/wp-json\/wp\/v2\/pages\/12","targetHints":{"allow":["GET"]}}],"collection":[{"href":"https:\/\/sarthdriver-vtc-le-mans.fr\/index.php\/wp-json\/wp\/v2\/pages"}],"about":[{"href":"https:\/\/sarthdriver-vtc-le-mans.fr\/index.php\/wp-json\/wp\/v2\/types\/page"}],"author":[{"embeddable":true,"href":"https:\/\/sarthdriver-vtc-le-mans.fr\/index.php\/wp-json\/wp\/v2\/users\/1"}],"replies":[{"embeddable":true,"href":"https:\/\/sarthdriver-vtc-le-mans.fr\/index.php\/wp-json\/wp\/v2\/comments?post=12"}],"version-history":[{"count":70,"href":"https:\/\/sarthdriver-vtc-le-mans.fr\/index.php\/wp-json\/wp\/v2\/pages\/12\/revisions"}],"predecessor-version":[{"id":311,"href":"https:\/\/sarthdriver-vtc-le-mans.fr\/index.php\/wp-json\/wp\/v2\/pages\/12\/revisions\/311"}],"wp:attachment":[{"href":"https:\/\/sarthdriver-vtc-le-mans.fr\/index.php\/wp-json\/wp\/v2\/media?parent=12"}],"curies":[{"name":"wp","href":"https:\/\/api.w.org\/{rel}","templated":true}]}}